 = 11*l + 5. Calculate g(-5).
-50
Let x(f) = -f**3 - 5*f**2 - 8*f. Calculate x(-7).
154
Let c(r) = -3*r**2 + r - 2. Determine c(3).
-26
Let g(a) = a**2 + 12*a + 16. Calculate g(-11).
5
Let a(q) = -2*q**2 + 2*q + 2. What is a(2)?
-2
Let h(g) = -g**3 - 21*g**2 + 46*g + 1. Determine h(-23).
1
Let n(p) = -p - 31. Calculate n(0).
-31
Let m(q) = 34*q - 1. Give m(1).
33
Let l(q) = -q**3 - 31*q**2 + 30*q - 58. Calculate l(-32).
6
Let l(t) = -4*t + 37. Calculate l(12).
-11
Let g(v) = v**3 - 8*v**2 + 24*v - 14. Give g(8).
178
Let s(g) = -g - 7. Determine s(-5).
-2
Let k(t) = -39*t - 40. Determine k(-1).
-1
Let f(y) = -y**2 + 53*y - 274. What is f(47)?
8
Let h(k) = -k**2 + 9*k - 3. What is h(6)?
15
Let h(o) = 2*o**2 + 16*o + 32. Calculate h(-4).
0
Let a(b) = -10*b + 196. Give a(19).
6
Let z(y) = -5*y**3 + y**2 + 3*y + 2. Calculate z(-1).
5
Let f(c) = 4*c**2 - 3*c + 3. What is f(2)?
13
Let w(m) = -38*m**2 + 3*m + 1. Determine w(-1).
-40
Let h(z) = -5*z - 67. Determine h(-12).
-7
Let c(s) = -s**2 + 3*s + 4. What is c(3)?
4
Let o(k) = -k**3 + 10*k**2 - 4*k - 38. Give o(9).
7
Let r(p) = 4*p - 4. Calculate r(5).
16
Let o(r) = -r + 6. Give o(7).
-1
Let z(i) = -i**2 - 13*i - 13. Calculate z(-12).
-1
Let m(b) = 7*b - 7. Give m(5).
28
Let r(n) = n**2 - 23*n + 16. Determine r(22).
-6
Let d(z) = -9*z**2 + 32*z - 23. What is d(3)?
-8
Let t(q) = -q**2 - 3*q + 14. What is t(-6)?
-4
Let u(f) = -f + 2. What is u(4)?
-2
Let y(k) = -k**2 + 2*k + 116. Give y(12).
-4
Let a(o) = o**2 + 25*o + 20. What is a(-24)?
-4
Let t(d) = -5*d - 23. Determine t(3).
-38
Let w(b) = -b**3 - 3*b**2 + 17*b - 10. Calculate w(-6).
-4
Let o(a) = -10*a + 8. Calculate o(7).
-62
Let x(z) = z**3 + 9*z**2 - 6. Give x(-9).
-6
Let b(p) = p**2 + 8*p. What is b(-7)?
-7
Let j(l) = 8*l - 26. Calculate j(4).
6
Let a(h) = -h - 17. Give a(0).
-17
Let m(s) = s**3 + 19*s**2 + 15*s + 43. Calculate m(-18).
97
Let q(v) = -4*v**2 - 4*v + 4. What is q(1)?
-4
Let b(a) = -a**2 + 29*a - 8. Calculate b(26).
70
Let z(m) = 5*m + 10. Determine z(3).
25
Let p(n) = -26*n + 24. What is p(1)?
-2
Let o(w) = -3*w**3 + 6*w - 8. Give o(2).
-20
Let a(u) = 4*u**2 - u. Give a(-1).
5
Let h(j) = -8*j - 26. What is h(-12)?
70
Let l(t) = 32*t**3 + 2*t**2 + 4*t + 3. Calculate l(-1).
-31
Let k(n) = n**2 - 4*n - 19. Determine k(-3).
2
Let a(d) = -9*d**3 - 3*d**2 + 4*d - 2. Calculate a(1).
-10
Let k(o) = o**2 - 8*o - 21. Calculate k(7).
-28
Let z(t) = t**3 - 14*t**2 + 12*t + 10. Give z(13).
-3
Let b(u) = u**2 + u - 16. What is b(0)?
-16
Let o(s) = -5*s**2 - 21*s + 1. Determine o(-8).
-151
Let d(c) = 2*c**3 + 27*c**2 + 13*c - 5. Calculate d(-13).
-5
Let o(g) = -4*g - 2. Give o(-4).
14
Let c(p) = -p**3 - 10*p**2 - 2*p. What is c(-4)?
-88
Let p(c) = -c**3 + 31*c**2 + 222*c + 2. Determine p(37).
2
Let m(y) = -y**2 - y + 2. Give m(-3).
-4
Let c(y) = -y**3 - 3*y**2 + 1. What is c(-3)?
1
Let r(f) = -3*f**2 + 21*f - 9. What is r(8)?
-33
Let m(d) = 4*d**2 + 22*d + 18. What is m(-10)?
198
Let a(j) = j**2 - 2*j + 6. What is a(-3)?
21
Let h(p) = p**2 - 18*p + 11. Give h(17).
-6
Let f(a) = a - 4. What is f(3)?
-1
Let b(a) = a**3 - 6*a**2 + a - 1. Determine b(6).
5
Let p(s) = -s**3 - 8*s**2 - 5*s. Give p(-7).
-14
Let z(u) = -37*u - 257. What is z(-7)?
2
Let n(l) = 25*l - 8. What is n(3)?
67
Let c(f) = 3*f + 11. What is c(-9)?
-16
Let k(m) = -2*m**2 - 6*m - 4. Determine k(-2).
0
Let k(s) = 3*s**2 - 14*s - 4. Calculate k(5).
1
Let m(q) = -14*q + 4. Determine m(4).
-52
Let y(b) = 2*b + 43. Calculate y(-11).
21
Let d(k) = k**3 + 7*k**2 + 6*k - 8. Give d(-6).
-8
Let h(m) = -6*m - 2. Calculate h(3).
-20
Let p(l) = -l**2 - 22*l - 39. Give p(-20).
1
Let g(f) = f**2 + 2*f - 20. Give g(5).
15
Let k(x) = 17*x - 3. Calculate k(-2).
-37
Let a(f) = f**3 - 16*f**2 - 16*f - 11. Calculate a(17).
6
Let a(k) = k**3 + 3*k**2 - 6*k + 21. Calculate a(-5).
1
Let x(u) = -u**2 + 24*u - 78. Determine x(23).
-55
Let g(f) = f**2 - 15*f + 21. Calculate g(11).
-23
Let r(h) = -3*h + 1. Determine r(-3).
10
Let t(b) = 2*b - 22. Calculate t(7).
-8
Let o(v) = 2*v**2 + 25*v - 51. Calculate o(-14).
-9
Let h(i) = -4*i - 2. Calculate h(5).
-22
Let i(k) = 4*k - 47. Give i(9).
-11
Let r(c) = -20*c + 1. Give r(1).
-19
Let t(d) = -d**3 + d**2 - 2*d. What is t(0)?
0
Let f(r) = 6*r + 10. What is f(-7)?
-32
Let f(l) = l**2 + l + 5. Determine f(-6).
35
Let r(v) = -v**3 - 8*v**2 - 10*v - 6. Determine r(-6).
-18
Let q(b) = -b**2 + 111*b - 423. What is q(4)?
5
Let o(h) = 14*h + 289. Give o(-20).
9
Let w(t) = -2*t + 75. What is w(12)?
51
Let d(u) = -u**2 - 15*u - 53. Calculate d(-11).
-9
Let a(d) = d**3 - 6*d**2 + 5*d - 24. Give a(6).
6
Let j(y) = -7*y - 38. Give j(-5).
-3
Let u(o) = -19*o**3 - 3*o**2 + 10*o - 8. Give u(1).
-20
Let p(r) = 28*r**2 + 3*r. What is p(1)?
31
Let w(q) = -q**3 + 11*q**2 - 9*q - 7. Determine w(10).
3
Let z(b) = -b**2 + 16*b - 9. Give z(14).
19
Let s(r) = -r**3 - 8*r**2 - 7*r - 12. Determine s(-7).
-12
Let r(o) = o**2 - 17*o - 36. Calculate r(18).
-18
Let x(y) = y**3 + 53*y**2 - 110*y + 5. What is x(-55)?
5
Let j(s) = s**2 - 19*s + 75. What is j(12)?
-9
Let s(v) = 6*v**2 - 24*v - 48. Calculate s(-2).
24
Let o(t) = -t**3 - 12*t**2 - 38*t - 18. Determine o(-7).
3
Let k(m) = -3*m**2 - 9*m + 1. Give k(-3).
1
Let l(u) = 4*u + 1. Determine l(1).
5
Let j(u) = u**2 - u + 5. Give j(9).
77
Let o(b) = -4*b**2 - 15*b - 24. Calculate o(-2).
-10
Let q(y) = -y**3 - 8*y**2 - y - 16. Give q(-9).
74
Let l(x) = -x**2 - 12*x - 2. Calculate l(-8).
30
Let g(d) = -14*d**2 + 3*d - 1. Give g(2).
-51
Let f(d) = d**2 + 8. Determine f(0).
8
Let d(w) = -w**2 - 12*w + 3. Calculate d(-12).
3
Let c(u) = -u**2 + 61. Give c(8).
-3
Let r(q) = 19*q + 107. What is r(-6)?
-7
Let d(g) = -2*g - 61. Calculate d(-13).
-35
Let n(c) = -c**3 + 7*c**2 - c + 8. What is n(7)?
1
Let l(x) = x**3 - 7*x**2 - 3*x - 4. Determine l(7).
-25
Let w(o) = -3*o - 6. What is w(-3)?
3
Let f(p) = 5*p + 10. Calculate f(-3).
-5
Let m(q) = -13*q + 3. Give m(-2).
29
Let j(c) = c**2 + 19*c + 9. What is j(-7)?
-75
Let u(r) = r + 18. Calculate u(-9).
9
Let u(k) = k - 41. What is u(24)?
-17
Let l(t) = t**2 - t - 5. What is l(0)?
-5
Let v(i) = -4*i + 30. Give v(11).
-14
Let q(x) = -x**2 - 3*x + 13. Determine q(-4).
9
Let s(w) = -9*w - 4. Determine s(1).
-13
Let r(k) = -6*k - 4. Calculate r(-1).
2
Let i(y) = -2*y**3 + 18*y**2 - 5*y + 21. What is i(9)?
-24
Let d(j) = 2*j + 29. What is d(0)?
29
Let a(o) = -16*o + 28. Calculate a(-2).
60
Let l(p) = 14*p - 3. Calculate l(1).
11
Let b(d) = 3*d**2 + 6*d - 2. Calculate b(-4).
22
Let p(m) = m**2 + 7*m - 51. Calculate p(0).
-51
Let c(i) = 13*i - 245. Calculate c(19).
2
Let d(a) = -4*a - 8. Calculate d(-7).
20
Let y(j) = 14*j**3 - j**2 - j + 1. Calculate y(1).
13
Let d(q) = -q**3 - 15*q**2 - 5*q - 63. Determine d(-15).
12
Let m(o) = -o**3 - 6*o**2 - 2*o + 1. Calculate m(-6).
13
Let d(f) = 25*f**2 - 1. What is d(-1)?
24
Let g(f) = f**3 - 13*f**2 + 14*f - 16. Calculate g(12).
8
Let k(s) = 4*s**2 - 4*s + 4. Determine k(3).
28
Let k(s) = -s**3 - 10*s**2 - 8*s - 27. What is k(-10)?
53
Let m(y) = 8*y - 83. Determine m(11).
5
Let g(j) = j**2 - 16*j + 10. Give g(7).
-53
Let a(i) = 9*i - 80. Determine a(10).
10
Let l(y) = 2*y**2 + 30*y - 20. Give l(-16).
12
Let l(b) = 2*b**3 - b**2 + 2*b + 2. Calculate l(-1).
-3
Let n(d) = 10*d**2 - 7*d - 6. What is n(-1)?
11
Let y(i) = i**3 - 6*i**2 - 9*i - 3. Calculate y(7).
-17
Let n(o) = o**2 + 24*o + 22. Determine n(-23).
-1
Let q(w) = -9*w + 1. What is q(-2)?
19
Let a(q) = 3*q. Give a(-1).
-3
Let a(j) = j + 23. Calculate a(-5).
18
Let y(t) = t**2 - 7*t - 2. What is y(6)?
-8
Let x(w) = 3*w**2 + 111*w + 102. What is x(-36)?
-6
Let k(g) = -g**2 + 10*g + 23. Give k(11).
12
Let s(d) = d**2 + 11*d + 16. Calculate s(-9).
-2
Let m(q) = -10*q - 50. Determine m(-5).
0
Let w(p) = p**2 - 11*p + 14. What is w(7)?
-14
Let d(g) = -2*g + 30. What is d(17)?
-4
Let x(j) = j**3 - 14*j**2 + 50*j - 8. What is x(6)?
4
Let r(c) = -205*c - 1442. Calculate r(-7).
-7
Let u(b) = -b**3 + 5*b**2 + 8*b - 10. Give u(6).
2
Let a(n) = n**2 + 8*n + 19. Determine a(-6).
7
Let h(i) = -i**2 + 3*i + 23. Give h(-6).
-31
Let s(p) = -p**3 - 7*p**2 - 4*p. Calculate s(-5).
-30
Let r(v) = -v**2 - 31*v + 61. Give r(2).
-5
Let t(k) = -k**2 + 13*k - 15. Give t(10).
15
Let u(c) = 3*c + 32. Calculate u(-7).
11
Let t(p) = 2*p*